17
In base 7, what is -32 + -65?
-130
In base 14, what is 1 + -1c?
-1b
In base 12, what is 421 + 2a?
44b
In base 14, what is -4d9 + -5?
-500
In base 7, what is -2150 - -3?
-2144
In base 10, what is 4 + -75?
-71
In base 8, what is -5750 - 2?
-5752
In base 2, what is 100 + 100001100?
100010000
In base 2, what is 10100011010 + -11?
10100010111
In base 8, what is -230 - 45?
-275
In base 14, what is 12 + 0?
12
In base 6, what is 35 + -42?
-3
In base 4, what is 1 + 323?
330
In base 14, what is 2 + 5d?
61
In base 7, what is -22 - 3?
-25
In base 14, what is -30a + 1?
-309
In base 2, what is 1 - 1000111?
-1000110
In base 13, what is -1 - 163?
-164
In base 4, what is 22 + 200?
222
In base 5, what is 11 - -24?
40
In base 13, what is -2363 + -3?
-2366
In base 3, what is -21111 - 2?
-21120
In base 2, what is -1 + 1011?
1010
In base 7, what is -140 + -34?
-204
In base 5, what is 2003 + -1?
2002
In base 12, what is -4 + -26?
-2a
In base 13, what is 222 - 73?
17c
In base 13, what is -3c + -52?
-91
In base 9, what is 21806 - 3?
21803
In base 16, what is 7 - 218?
-211
In base 9, what is 105 - 144?
-38
In base 12, what is 95b5 + -3?
95b2
In base 10, what is -5 - -33?
28
In base 2, what is 101 + -10000110011?
-10000101110
In base 11, what is -6 + 64?
59
In base 6, what is -10 + -23?
-33
In base 4, what is 21222 - 0?
21222
In base 2, what is -111101000 + 100?
-111100100
In base 14, what is 1b2 + 2?
1b4
In base 7, what is 3 + -135?
-132
In base 9, what is 2 - 158?
-156
In base 15, what is -245 - 1?
-246
In base 7, what is -6015 - 1?
-6016
In base 11, what is -112 + -2?
-114
In base 6, what is -14 + 42?
24
In base 6, what is 3 - -411?
414
In base 3, what is -1200 + -10?
-1210
In base 14, what is -9b - 9?
-a6
In base 8, what is 10 + 403?
413
In base 7, what is 4644 - 4?
4640
In base 14, what is -4 - da?
-100
In base 8, what is -22 - -1?
-21
In base 3, what is -20011 + 2?
-20002
In base 7, what is -6 + -311?
-320
In base 4, what is -1103 + 1?
-1102
In base 4, what is -1020 + 0?
-1020
In base 7, what is -1555 + 0?
-1555
In base 6, what is 220 + 30?
250
In base 11, what is 5a5 + -1?
5a4
In base 13, what is -5 + 6b?
66
In base 8, what is 545 + -27?
516
In base 2, what is -101 - -110101001?
110100100
In base 8, what is 2470 - 5?
2463
In base 9, what is 1 - -401?
402
In base 14, what is -5 - -b11?
b0a
In base 9, what is -300 - -6?
-283
In base 3, what is -10 + 2210220?
2210210
In base 13, what is -2a - 0?
-2a
In base 12, what is -61 - -251?
1b0
In base 12, what is 86b + -1?
86a
In base 7, what is -1 + 16046?
16045
In base 2, what is 10111010000 + -11?
10111001101
In base 6, what is -2030 + -41?
-2111
In base 2, what is -101001100101100 + -101?
-101001100110001
In base 9, what is -1 - 361?
-362
In base 12, what is 197 - 24?
173
In base 6, what is 4 - 1025?
-1021
In base 7, what is -2413 + 2?
-2411
In base 2, what is -1001001 - -11?
-1000110
In base 16, what is 35 + d?
42
In base 14, what is 1 + -575?
-574
In base 11, what is -11 - 18?
-29
In base 2, what is 101100 - 100?
101000
In base 10, what is 138 - -4?
142
In base 3, what is 2101020 + -2?
2101011
In base 11, what is 477 - -4?
480
In base 14, what is -9 + -85?
-90
In base 16, what is be - -3?
c1
In base 13, what is -7 + -3?
-a
In base 14, what is 1c - -9?
27
In base 2, what is -110111 - 11101?
-1010100
In base 7, what is 3 - -1144?
1150
In base 3, what is 12022210 - -12?
12022222
In base 10, what is 8 + -40?
-32
In base 3, what is -22011 + 100?
-21211
In base 7, what is 3 + 130?
133
In base 12, what is 14 + 25b?
273
In base 4, what is 3 - 32221?
-32212
In base 16, what is 1 + 7a?
7b
In base 15, what is 1d7 - -6?
1dd
In base 16, what is 15 + 487?
49c
In base 12, what is -34 + -1?
-35
In base 11, what is 0 - -550?
550
In base 16, what is -1 - 3a?
-3b
In base 5, what is 3142 - -12?
3204
In base 11, what is 496 + 3?
499
In base 12, what is -196 - -1?
-195
In base 4, what is 23 - 23?
0
In base 4, what is 2231 - 2?
2223
In base 9, what is 67 + -25?
42
In base 4, what is -202 - 2?
-210
In base 15, what is -188 + 2?
-186
In base 11, what is -2209 - -3?
-2206
In base 3, what is 12210 + 12?
12222
In base 16, what is -137 + -1f?
-156
In base 11, what is -4866 - -5?
-4861
In base 10, what is 691 + 5?
696
In base 3, what is 12 - 11012?
-11000
In base 15, what is 2 + -31?
-2e
In base 5, what is 13 - -30010?
30023
In base 5, what is -212 + -222?
-434
In base 7, what is -140 + -20?
-160
In base 3, what is -2 - 10211?
-10220
In base 5, what is 413 + 13?
431
In base 6, what is 42012 + 2?
42014
In base 12, what is -3 + -30?
-33
In base 16, what is -4cc - 1?
-4cd
In base 13, what is 17 + 9?
23
In base 7, what is 1 + 144?
145
In base 12, what is 71 + -1?
70
In base 6, what is 2 + -123?
-121
In base 16, what is eee + 2?
ef0
In base 7, what is 543 + 4?
550
In base 4, what is 32203 - -11?
32220
In base 7, what is -4 - -250?
243
In base 5, what is -141 + 341?
200
In base 11, what is 2 + 101?
103
In base 5, what is -301 + -214?
-1020
In base 14, what is 2d25 - 0?
2d25
In base 15, what is 9d + -5?
98
In base 14, what is -10 + -2?
-12
In base 5, what is -300 - 10?
-310
In base 3, what is 11121 - 10?
11111
In base 8, what is 11456 - 4?
11452
In base 7, what is -602 - 2?
-604
In base 12, what is 15a + -5?
155
In base 4, what is -11230 - -10?
-11220
In base 9, what is 570 + -4?
565
In base 8, what is -5 - 34?
-41
In base 2, what is -100 - -1011001?
1010101
In base 16, what is 33 - 4?
2f
In base 10, what is 11 + 8?
19
In base 2, what is -101 - 101101?
-110010
In base 6, what is -3134 + 5?
-3125
In base 4, what is 301 - 20?
221
In base 7, what is -16232 - 4?
-16236
In base 2, what is 111110000 + 100?
111110100
In base 8, what is -2 - 24?
-26
In base 4, what is 212332 + -2?
212330
In base 8, what is 115301 + 4?
115305
In base 16, what is 104 + 1e?
122
In base 15, what is 39 + 5?
3e
In base 13, what is 0 - -141?
141
In base 12, what is 3 - 20?
-19
In base 9, what is -514 + -1?
-515
In base 12, what is 0 - 3?
-3
In base 4, what is -103 - 20?
-123
In base 4, what is 1 + 1030?
1031
In base 9, what is 3 - -73?
76
In base 12, what is 3b + 41?
80
In base 7, what is 1003 + 0?
1003
In base 12, what is 64 + -110?
-68
In base 5, what is 12310 - 2?
12303
In base 5, what is 23 + -3024?
-3001
In base 12, what is 26a5 + -1?
26a4
In base 6, what is 5214 + -2?
5212
In base 4, what is -20122 + -22?
-20210
In base 16, what is -2 + -2c?
-2e
In base 7, what is -30 + 4?
-23
In base 9, what is 4 + -58?
-54
In base 2, what is 110 - -111101111?
111110101
In base 15, what is 7a + 0?
7a
In base 12, what is 3 - -8b0?
8b3
In base 16, what is -17 - 1a?
-31
In base 8, what is 0 - 556?
-556
In base 14, what is 8 - 18?
-10
In base 9, what is 0 + -42?
-42
In base 13, what is -437 - -2?
-435
In base 5, what is 3 + 20230?
20233
In base 3, what is -110120 - 10?
-110200
In base 13, what is -1a - 3b?
-58
In base 15, what is 2b + -4d?
-22
In base 9, what is -166 - -13?
-153
In base 4, what is -22 + 2103?
2021
In base 12, what is 12 + 75?
87
In base 2, what is -110110 + 100?
-110010
In base 3, what is -20 - -11101?
11011
In base 9, what is -1552 - -3?
-1548
In base 5, what is -113333 + 4?
-113324
In base 9, what is -448 - 4?
-453
In base 9, what is 1 + 12235?
12236
In base 12, what is -3b - 14?
-53
In base 7, what is 4 + -253?
-246
In base 9, what is 221 + -18?
202
In base 2, what is -101001 + 10?
-100111
In base 9, what is -3 + -2?
-5
In base 7, what is 2 + 35050?
35052
In base 11, what is 30 + -4?
27
In base 14, what is -c5 + 33?
-92
In base 4, what is -1002322 - 3?
-1002331
In base 16, what is 1 - 712?
-711
In base 4, what is -30132 + 11?
-30121
In base 13, what is -2ba6 - -1?
-2ba5
In base 5, what is -143233 + -10?
-143243
In base 9, what is 0 - 116?
-116
In base 16, what is -3 - 79?
-7c
In base 9, what is 1818 + 0?
1818
In base 4, what is 2311 - -10?
2321
In base 2, what is 10101010001 + 0?
10101010001
In base 13, what is 16 - 11?
5
In base 6, what is -1140 - 105?
-1245
In base 6, what is -412 + -10?
-422
In base 7, what is -313 - 0?
-313
In base 3, what is -10 - 1002?
-1012
In base 4, what is 1130312 + -10?
1130302
In base 3, what is 112010102 + 12?
112010121
In base 9, what is -301 + 2?
-288
In base 8, what is -3 + 165?
162
In base 5, what is -4 + 1311?
1302
In base 16, what is 230